 b**4/12 - b**3 - 7*b**2. Let u = -16 + 22. What is the units digit of r(u)?
6
Let t(s) = s**2 - 7*s + 6. Let v be t(6). Suppose 3*b + 5*z - 23 = v, 2*b - 3 - 11 = -3*z. What is the units digit of b?
1
Let l(z) = 7*z**2 + 3*z + 1. Let g be l(-2). Let i = -11 + g. What is the tens digit of i?
1
Suppose j - 5 = -4*j. What is the units digit of j - 1 - (-3 + 1)?
2
What is the hundreds digit of (268/(-3))/((-18)/27)?
1
Suppose -5*w - 4 = -84. Suppose -u = p - w, -4*p = -11 - 9. What is the units digit of u?
1
Suppose -10*p + 8*p + 150 = 3*i, 50 = i - 2*p. What is the units digit of i?
0
What is the units digit of (-1)/(3*(-6)/918)?
1
Let g = 7 + -2. Suppose 154 = g*i + 44. Let d = i - 7. What is the units digit of d?
5
Let o = -7 + 9. Suppose b + 2*j - 10 = 0, 5*b + o = 4*j + 10. What is the units digit of b?
4
Let l = 908 - 625. What is the hundreds digit of l?
2
Let w be 2 + 0 + -1 + 1. Let x = 2 - 0. Suppose w*t = -x*t + 24. What is the units digit of t?
6
Let p = 26 + 3. Suppose 5*o - 3*c - c = -34, -p = 4*o - 5*c. Let g = o - -8. What is the units digit of g?
2
Let z(p) = -2*p**3 + 11*p**2 + 4*p + 4. Let x(t) = -8*t**2 - 4*t - 2*t**2 - 5 - t + t**3. Let k(j) = -3*x(j) - 2*z(j). What is the units digit of k(-7)?
7
Let z be 2*(1 - (-9)/6). Suppose p - d = 5*p - z, -p + 5*d + 17 = 0. Suppose 7*l = p*l + 65. What is the units digit of l?
3
Suppose 2*x - 4*k = 20, -5*k = -3*x - 0*k + 29. Suppose -4*l + x*l = 4. What is the units digit of 7 + 2 + l/1?
0
Let n(k) = k - 1. Let l be n(3). Let y be -3 + l + (-5)/(-1). Suppose 2*p = -2*r + 5*p + 27, y*r + 2*p - 14 = 0. What is the units digit of r?
6
Suppose -4*m - 4*c + 3*c = -179, 2*c - 50 = -m. What is the tens digit of -4 - (-11)/(m/168)?
3
Let a be 110/3 - (-10)/(-15). Let g = 52 - a. What is the units digit of g?
6
Let b = 51 + 68. What is the hundreds digit of b?
1
Let s(m) = m**3 - m**2 - 7*m + 6. Let a be (2/(-4))/(1/(-6)). Let y(b) = b**3 - 7*b + 6. Let n(w) = a*y(w) - 4*s(w). What is the units digit of n(5)?
4
Let a = -7 - 1. What is the units digit of a*(0 - (-2)/(-2))?
8
Let z = 4 - 6. Let v(m) = -m**2 - 4*m + 1. What is the units digit of v(z)?
5
Let d(i) = 1. Let a(m) = -m**2 + 9*m + 1. Let u(r) = a(r) - 4*d(r). Let y be u(8). Suppose -y*z + 42 = -3. What is the units digit of z?
9
Let j = -2 - -3. Let c(k) = 7*k**3 - k. What is the units digit of c(j)?
6
Let o = 318 + -189. What is the tens digit of o?
2
Let q be ((-24)/20)/(6/20). Let t be 1 + q + -2 + 8. Suppose 0 = 4*l - 0*l + 2*z - 48, 0 = t*l - 5*z - 36. What is the tens digit of l?
1
Let j be 0/(3/(-3) + -1). Let i(n) = n**2 + 8. Let y be i(j). What is the units digit of 3/12 - (-22)/y?
3
Suppose -2*c + 156 = 4*v, -v - 4*c + 66 = 20. What is the tens digit of v?
3
Suppose -2*p = 3*c - 7*p - 41, 5*c = 5*p + 75. Let r = c - -5. What is the tens digit of r?
2
Let y(t) = 66*t. Let a be y(2). Suppose 4*p = -3*q + a, 0*p - 4*p + 148 = -q. What is the units digit of p?
6
Let v(x) = 21*x - 6. Let p be v(5). Let h = p - 66. What is the tens digit of h?
3
Let p(s) = 9*s**3 + s**2 + s + 1. Let a be p(-1). Let y(m) = m**2 + 8*m + 11. What is the units digit of y(a)?
1
Suppose -3*x = -8 + 2. Suppose -4*y = -2*t, y + x = t - 0*y. What is the units digit of t?
4
Suppose 4*m = 5*a + 24, 5*m + 5 = -5*a - 10. Let p = m - 8. What is the units digit of (1 - (-2 - p))*-1?
4
What is the tens digit of (31*2/(-6))/(16/(-288))?
8
Let n be 0 - (-1 + -1 - -3). Let g be (-30)/(-3) + n + -1. Suppose 0 = -b - 5, -2*b = 3*u - 0*b - g. What is the units digit of u?
6
Let a be 725/(-35) + 4/(-14). Let k = 48 + a. What is the units digit of k?
7
Let x(b) = b + 16. Let j be x(0). Let z = -6 + j. Suppose 0 = 2*w - 6 - z. What is the units digit of w?
8
Let v(f) = f**3 + 12*f**2 + 12*f + 2. What is the tens digit of v(-10)?
8
Suppose -2*a = -3*a + 106. Suppose 0 = -5*l - 0*l - 2*j + a, 6 = -3*j. What is the tens digit of l?
2
Let t be ((-2)/(-6))/((-6)/54). Let j = -1 - t. What is the units digit of 5/j*(-112)/(-20)?
4
Suppose 5*h + 35 = 3*c - 0*h, 3*h = -5*c + 13. Suppose -126 - 14 = -c*s. What is the units digit of s?
8
Let d(w) = 5*w**3 + 2*w. What is the units digit of d(2)?
4
Let m(l) = 43*l**2 + l. What is the units digit of m(-1)?
2
Let j(o) = -2*o**2 + 6*o + 3. Let a be j(6). Let m = a + 69. Suppose -3*v + 3*d - d + 22 = 0, 4*v - 4*d = m. What is the units digit of v?
4
Suppose 0 = -3*r - 4 + 1. Let m(l) = -l. Let o be m(r). What is the units digit of (0 - 2*-4) + o?
9
Let n be 2*(-1)/(1/5). Let a be (-42)/n + 5/(-25). What is the units digit of 2*(-2)/a - -3?
2
Let n = -53 + 90. What is the units digit of n?
7
What is the tens digit of (-145 + -1 + 0)/(-2)?
7
Suppose 2*g - 4*x - 16 = 0, -2*x = -5*g + 16 + 56. Suppose -o = o - g. What is the units digit of o?
8
Suppose -p + 143 = 3*u, 2*u + 2*u = -3*p + 194. What is the units digit of u?
7
Suppose -2*u - 5*r + 19 = 0, -3*u + 2 - 5 = -3*r. Let k be 2*(-1)/2 - -8. Suppose 2*m + 31 = 5*g, u*g + 5*m = -k + 2. What is the units digit of g?
5
Suppose 5*i - 63 = 7. Suppose 3*t + 2*t = 350. Suppose -t = -4*q + i. What is the units digit of q?
1
Suppose 1571 = 5*s + 2*t, 3*s = -s + 2*t + 1264. What is the units digit of s?
5
Let o(s) = s**2 + s - 2. Let c be o(-3). What is the units digit of 17 + (c + 0)/(-4)?
6
Let f(p) be the third derivative of -p**5/60 + 5*p**3/3 - p**2. What is the units digit of f(0)?
0
Suppose -4*s + 26 = -f + 3*f, 0 = 4*f + 4. Suppose 2*j + 2*k - 14 = 0, 0 = j - 5*j + 3*k + s. What is the units digit of j - (6/3)/(-1)?
6
Suppose -3*i + 93 = t - i, -3*t - 3*i = -291. Suppose 4*r - 3*z = 3*r + 31, -5*r - 3*z + t = 0. What is the units digit of r?
2
Suppose 4*d = 3*o + 2 + 1, 3*d = o + 6. Suppose 0*b + 5*w = -o*b + 141, -w - 3 = 0. What is the units digit of b?
2
Let s = -6 + 10. Suppose s*p + 3*t = 8, -2*t - 2*t - 2 = -p. Suppose 2*n - 4 + p = 0. What is the units digit of n?
1
Suppose -4*v - 17 = -5*v. What is the tens digit of v?
1
Let v be (6/(-4))/(4/8). Let p = v - -6. Suppose 1 + 5 = p*b. What is the units digit of b?
2
Let k = -17 - -11. Let x be -3*(-2 + (-26)/k). What is the units digit of (x - -5) + (-1 - -16)?
3
Let p = 42 + -25. What is the tens digit of p?
1
What is the units digit of 317/9 - 14/63?
5
Suppose -2*f = -7*f + 295. What is the units digit of f?
9
Let j(w) be the third derivative of w**4/24 - w**3/6 - w**2. Let k be j(4). Suppose b - k = 2*g, 5*b - g - 33 = -0*g. What is the units digit of b?
7
Suppose 3*c = -2*m + 5, -2*c - m = -4*m - 25. Suppose -c*z - 34 = -99. Suppose -z = -3*g + 4*a, 0 = 2*a - 4. What is the units digit of g?
7
Let r = 2 - 5. Let d = 7 + -6. Let t = d - r. What is the units digit of t?
4
Suppose 0 = -5*a, -5*a + a - 4 = -2*i. Suppose -z - 89 = -i*c, -4*c + 78 + 80 = 2*z. What is the units digit of c?
2
Let i be 1*-3 - (-3 + -5). Suppose 3*j = -4*r + 23, -5*j + 0*j = i*r - 45. What is the tens digit of j?
1
Let b(s) = -s**2 - 6*s + 9. Let g(n) = -9*n**2 + 1. Let h be g(-1). Let u be b(h). Let z = u - -12. What is the units digit of z?
5
Suppose -n + 0 = 5. Let q(s) = s**3 + 5*s**2 - 2*s - 6. What is the units digit of q(n)?
4
Let r(q) = q**2 + 6*q + 2. Let h = -17 - -10. Let v be r(h). What is the tens digit of (v/(-6))/((-6)/52)?
1
Suppose 4*h + 0*i - i - 644 = 0, 2*i - 152 = -h. Suppose -20 = -5*d + h. What is the units digit of d?
6
Let n = -18 + 26. Let q = n + 8. Let c = -8 + q. What is the units digit of c?
8
Let t be -50*6/(-4) + 3. Suppose t = -3*v + 6*v. What is the tens digit of v?
2
Suppose -2*y + 44 = -24. What is the units digit of y?
4
Let p = -265 - -379. What is the units digit of p?
4
Suppose -2*s + 1 = -7. What is the units digit of s?
4
Let k(p) = 5*p + 16. What is the units digit of k(11)?
1
Suppose 0 = 2*u + a - 105, -3*a + 215 = 4*u - 2*a. What is the units digit of u?
5
Let d = 12 + 5. What is the units digit of d?
7
Suppose 0*i = -3*i + 315. What is the tens digit of i?
0
Let m be (-3)/(-4) + (-1)/(-4). Let g(q) = -2*q + 7*q**2 + 1 + 2*q. What is the units digit of g(m)?
8
Let y be 57 - (0 + -1 + -2). Suppose 0*s - y = -4*s. What is the units digit of s?
5
Let b = -43 - -90. What is the tens digit of b?
4
Let l be (0 - -1)*54/6. Suppose 4*j = j - l. What is the tens digit of (20/6)/((-1)/j)?
1
Let q(i) be the third derivat